te the highest common factor of 392 and 1368.
8
What is the greatest common divisor of 6 and 33?
3
Calculate the greatest common divisor of 22 and 6743.
11
Calculate the greatest common divisor of 5719 and 7.
7
What is the greatest common factor of 17 and 272?
17
What is the highest common factor of 26 and 962?
26
Calculate the highest common factor of 1984 and 64.
64
What is the greatest common divisor of 1107 and 81?
27
What is the greatest common divisor of 140 and 25732?
28
Calculate the highest common divisor of 65 and 208.
13
What is the greatest common factor of 17 and 1003?
17
Calculate the highest common factor of 152 and 48.
8
Calculate the greatest common factor of 480 and 890.
10
What is the greatest common factor of 150 and 3975?
75
Calculate the highest common divisor of 11567 and 301.
43
What is the greatest common factor of 7 and 889?
7
Calculate the greatest common divisor of 2 and 294.
2
What is the greatest common factor of 336 and 192?
48
Calculate the greatest common factor of 120 and 780.
60
Calculate the highest common factor of 3632 and 3859.
227
What is the greatest common divisor of 10 and 370?
10
What is the highest common factor of 9 and 2319?
3
What is the highest common factor of 1781 and 137?
137
What is the greatest common divisor of 180 and 32?
4
What is the highest common divisor of 5210 and 50?
10
Calculate the greatest common divisor of 12468 and 12.
12
Calculate the greatest common factor of 6713 and 98.
49
Calculate the highest common factor of 63 and 357.
21
Calculate the greatest common factor of 38 and 1957.
19
Calculate the highest common divisor of 114 and 30.
6
What is the greatest common factor of 147 and 77?
7
Calculate the highest common divisor of 66 and 286.
22
Calculate the highest common factor of 135 and 999.
27
Calculate the greatest common factor of 135 and 36315.
135
Calculate the highest common factor of 9648 and 288.
144
What is the highest common divisor of 266 and 70?
14
What is the greatest common factor of 280 and 15?
5
Calculate the greatest common divisor of 324 and 3726.
162
Calculate the greatest common divisor of 22026 and 6.
6
What is the greatest common divisor of 4 and 54?
2
Calculate the greatest common factor of 187 and 1661.
11
What is the greatest common divisor of 2160 and 100?
20
Calculate the greatest common divisor of 152 and 464.
8
What is the greatest common factor of 38 and 152?
38
What is the highest common divisor of 2408 and 8?
8
Calculate the greatest common divisor of 24 and 40.
8
What is the highest common divisor of 9 and 144?
9
Calculate the greatest common factor of 44 and 3113.
11
What is the highest common factor of 1580 and 60?
20
What is the greatest common factor of 129 and 2107?
43
What is the highest common divisor of 120 and 168?
24
What is the greatest common divisor of 60 and 60?
60
Calculate the highest common divisor of 90 and 342.
18
Calculate the greatest common divisor of 180 and 1380.
60
What is the greatest common factor of 546 and 336?
42
What is the greatest common factor of 42 and 5397?
21
Calculate the greatest common factor of 5 and 8.
1
Calculate the greatest common divisor of 112 and 80.
16
Calculate the highest common factor of 57 and 42351.
57
Calculate the greatest common factor of 6237 and 22.
11
Calculate the highest common divisor of 3 and 507.
3
Calculate the highest common divisor of 486 and 18.
18
Calculate the greatest common factor of 209 and 95.
19
What is the highest common divisor of 2390 and 20?
10
What is the greatest common factor of 765 and 85?
85
Calculate the highest common divisor of 2595 and 10.
5
Calculate the greatest common divisor of 209 and 33.
11
What is the highest common factor of 7 and 14?
7
What is the greatest common divisor of 2349 and 87?
87
Calculate the greatest common factor of 176 and 5412.
44
Calculate the greatest common divisor of 1630 and 30.
10
Calculate the highest common divisor of 65 and 1976.
13
What is the greatest common factor of 748 and 136?
68
Calculate the highest common factor of 336 and 518.
14
Calculate the greatest common divisor of 5 and 360.
5
Calculate the greatest common factor of 1219 and 106.
53
What is the highest common divisor of 56 and 8540?
28
Calculate the highest common factor of 187 and 799.
17
What is the highest common factor of 1582 and 70?
14
What is the greatest common factor of 180 and 27?
9
Calculate the greatest common factor of 882 and 2793.
147
Calculate the greatest common factor of 940 and 160.
20
Calculate the greatest common factor of 18 and 7254.
18
What is the greatest common factor of 501 and 3?
3
Calculate the greatest common divisor of 330 and 270.
30
What is the highest common factor of 30 and 102?
6
What is the highest common divisor of 915 and 45?
15
Calculate the greatest common factor of 352 and 66.
22
What is the greatest common factor of 1212 and 24?
12
Calculate the highest common factor of 377 and 104.
13
Calculate the highest common divisor of 42 and 30198.
42
What is the greatest common divisor of 214 and 749?
107
Calculate the highest common factor of 68 and 36.
4
What is the highest common factor of 1196 and 1118?
26
Calculate the highest common factor of 750 and 30.
30
Calculate the highest common divisor of 30 and 1590.
30
What is the greatest common factor of 414 and 6762?
138
Calculate the greatest common divisor of 152 and 57.
19
Calculate the greatest common divisor of 6177 and 261.
87
Calculate the highest common factor of 30 and 130.
10
What is the greatest common factor of 322 and 253?
23
What is the highest common factor of 48 and 3?
3
What is the greatest common divisor of 150 and 7275?
75
Calculate the greatest common factor of 40 and 415.
5
Calculate the greatest common divisor of 124 and 62.
62
Calculate the greatest common divisor of 49 and 8344.
7
What is the highest common divisor of 1 and 390?
1
Calculate the greatest common factor of 25 and 10.
5
What is the highest common divisor of 12319 and 635?
127
What is the greatest common factor of 675 and 525?
75
Calculate the highest common factor of 174 and 24.
6
Calculate the highest common divisor of 414 and 18.
18
What is the greatest common factor of 250 and 20?
10
Calculate the highest common divisor of 4 and 4252.
4
Calculate the greatest common divisor of 70 and 42.
14
What is the highest common divisor of 60 and 48?
12
What is the greatest common factor of 844 and 116?
4
What is the greatest common factor of 2 and 538?
2
What is the highest common factor of 279 and 527?
31
What is the greatest common factor of 1611 and 9?
9
What is the greatest common factor of 2490 and 30?
30
What is the highest common factor of 224 and 504?
56
Calculate the highest common factor of 575 and 25.
25
What is the greatest common divisor of 88 and 5324?
44
Calculate the highest common divisor of 206 and 6.
2
What is the greatest common factor of 725 and 29?
29
Calculate the greatest common factor of 2 and 26.
2
What is the highest common factor of 123 and 24?
3
Calculate the highest common divisor of 28 and 42.
14
What is the highest common factor of 336 and 72?
24
What is the highest common factor of 304 and 240?
16
Calculate the greatest common factor of 292 and 511.
73
Calculate the greatest common divisor of 14 and 37562.
14
What is the highest common divisor of 37 and 1702?
37
What is the highest common divisor of 611 and 130?
13
What is the highest common factor of 27 and 261?
9
Calculate the highest common divisor of 1737 and 772.
193
Calculate the greatest common factor of 1434 and 3.
3
Calculate the greatest common factor of 12 and 740.
4
Calculate the greatest common divisor of 78 and 208.
26
What is the highest common factor of 2616 and 545?
109
Calculate the highest common factor of 54 and 4662.
18
Calculate the greatest common factor of 10792 and 1368.
152
Calculate the highest common factor of 99 and 450.
9
Calculate the highest common divisor of 108 and 24.
12
What is the greatest common factor of 2400 and 75?
75
Calculate the highest common divisor of 99 and 18.
9
What is the highest common divisor of 16 and 9904?
16
What is the greatest common divisor of 100 and 2700?
100
Calculate the greatest common divisor of 2050 and 400.
50
What is the highest common div